 3, what is -10222 + -1000?
-11222
In base 11, what is -121 + 147?
26
In base 5, what is 12023 + -4?
12014
In base 3, what is 0 + 100121022?
100121022
In base 8, what is -14 - 2?
-16
In base 4, what is 13333 + -31?
13302
In base 16, what is -10a - 1?
-10b
In base 6, what is -3 + -122?
-125
In base 15, what is -42 + 6?
-3b
In base 9, what is -35 - -7?
-27
In base 5, what is 101224 - 3?
101221
In base 2, what is -1 + 11011?
11010
In base 4, what is 11 + -131303?
-131232
In base 13, what is -2 + -798?
-79a
In base 14, what is 52 + -7?
49
In base 16, what is 147 + 4?
14b
In base 7, what is 6400 - -4?
6404
In base 2, what is 100 + 10111010?
10111110
In base 10, what is -79 + -10?
-89
In base 9, what is 0 + -45?
-45
In base 14, what is -202 - -2?
-200
In base 16, what is -f2e - 9?
-f37
In base 15, what is 4a - -5?
50
In base 14, what is -12a + -5?
-131
In base 11, what is -26 - 70?
-96
In base 5, what is -2 + 24?
22
In base 12, what is 2 - 20?
-1a
In base 15, what is -23 - -5?
-1d
In base 14, what is -5 - 5dc?
-603
In base 6, what is 2252 - 4?
2244
In base 10, what is -3 + -1336?
-1339
In base 4, what is 1022 - -3?
1031
In base 8, what is -4 + -770?
-774
In base 15, what is 1b5 - 3?
1b2
In base 10, what is 2 + -506?
-504
In base 8, what is 160 + -2?
156
In base 13, what is -3 + -7b?
-81
In base 11, what is 0 - -1?
1
In base 14, what is -811 - 5?
-816
In base 8, what is -5 - 300?
-305
In base 11, what is -3 + 4619?
4616
In base 15, what is 394c + -5?
3947
In base 15, what is -c4 + 0?
-c4
In base 9, what is 2 + 40?
42
In base 16, what is 32 - -5?
37
In base 6, what is 3012 - 5?
3003
In base 4, what is 0 - -3?
3
In base 16, what is -1 - 25b?
-25c
In base 13, what is -254 + 5?
-24c
In base 11, what is a - 331?
-322
In base 10, what is -3 + 1345?
1342
In base 9, what is -4 - -1132?
1127
In base 15, what is -337 + -b?
-343
In base 3, what is 10 + -21012202?
-21012122
In base 8, what is -244 - -45?
-177
In base 3, what is 0 - 221220?
-221220
In base 13, what is 5 - 96?
-91
In base 5, what is 1 - 2411?
-2410
In base 6, what is -3 - -100?
53
In base 4, what is -11132 - -11?
-11121
In base 11, what is 18 + 7?
24
In base 3, what is -122 - -11?
-111
In base 3, what is 101 - 1121222?
-1121121
In base 11, what is -3767 + -3?
-376a
In base 2, what is -10 + -1010001?
-1010011
In base 14, what is 1 + -26?
-25
In base 6, what is -1322 - 5?
-1331
In base 7, what is -232 - -20?
-212
In base 3, what is 2 - -110?
112
In base 11, what is -62 - -1?
-61
In base 11, what is -4 + a82?
a79
In base 2, what is -101000001 - -11?
-100111110
In base 9, what is 2 - 5135?
-5133
In base 10, what is 4 - -80?
84
In base 3, what is 210221 - 2?
210212
In base 13, what is -1 - 111?
-112
In base 11, what is -5 + -22?
-27
In base 7, what is 0 + -52?
-52
In base 5, what is 4 - -232?
241
In base 10, what is 573 + -4?
569
In base 8, what is -2 + -1?
-3
In base 3, what is 1001 + -222?
2
In base 2, what is 111001 - -10101000?
11100001
In base 8, what is -2 - 23?
-25
In base 14, what is -4 + 12c?
128
In base 13, what is -39 + -2?
-3b
In base 12, what is -7 + -b9?
-104
In base 15, what is -1 + -88?
-89
In base 3, what is 100 + 102110?
102210
In base 4, what is -130310 + 10?
-130300
In base 16, what is -4 + -35?
-39
In base 16, what is -d8 + -1?
-d9
In base 10, what is 21493 + -3?
21490
In base 8, what is -164 + 5?
-157
In base 12, what is 8b9 - -4?
901
In base 15, what is -5 - 72?
-77
In base 14, what is 5c - -65?
c3
In base 4, what is 1200 + -2?
1132
In base 3, what is 110 - 2120?
-2010
In base 6, what is 1132 - -3?
1135
In base 15, what is -e7a - 3?
-e7d
In base 3, what is 1100100 - -10?
1100110
In base 5, what is 42304 - -10?
42314
In base 4, what is -2120021 + 10?
-2120011
In base 8, what is -5 - -5424?
5417
In base 13, what is -80 + 56?
-27
In base 16, what is -13 - 3?
-16
In base 14, what is -2 + 56?
54
In base 16, what is 35 + -e2?
-ad
In base 13, what is 4a5 + -2c?
476
In base 11, what is -67 - -5?
-62
In base 3, what is 0 - 2202101?
-2202101
In base 16, what is 0 + 23?
23
In base 16, what is 4 - aa?
-a6
In base 10, what is 4 - 631?
-627
In base 11, what is 143 + 14?
157
In base 11, what is -2035 - -1?
-2034
In base 10, what is 76 - -5?
81
In base 7, what is -52 + -2600?
-2652
In base 3, what is 1110111 - -10?
1110121
In base 2, what is -11 - 101000011110?
-101000100001
In base 13, what is -12 + 37?
25
In base 3, what is 211001 + -2?
210222
In base 7, what is 42 + 6?
51
In base 11, what is -4 - 205?
-209
In base 6, what is -20 + -25220?
-25240
In base 4, what is 1022 + -222?
200
In base 4, what is -211 + 1?
-210
In base 14, what is -34 - -11?
-23
In base 9, what is 385 - 1?
384
In base 10, what is 30 + -1?
29
In base 5, what is 2 - -421?
423
In base 10, what is -12775 + 4?
-12771
In base 13, what is 1 - -101b?
101c
In base 7, what is -31 - 35?
-66
In base 15, what is -151 + -3?
-154
In base 8, what is -3 - -23?
20
In base 13, what is -2 + -95?
-97
In base 4, what is 3223 + 11?
3300
In base 7, what is -1105 + -110?
-1215
In base 2, what is 110111100 - 11?
110111001
In base 2, what is 10101100100010 + -101?
10101100011101
In base 14, what is -5 - 97?
-9c
In base 15, what is 0 - 4?
-4
In base 14, what is 0 + 404?
404
In base 14, what is -2d + -4?
-33
In base 11, what is 28 + -5?
23
In base 16, what is 2 + 15?
17
In base 4, what is -21 - 1?
-22
In base 12, what is a0 - 3?
99
In base 10, what is -315 - -20?
-295
In base 13, what is -3 - -24?
21
In base 8, what is 1 + 77?
100
In base 13, what is -8 - 24?
-2c
In base 5, what is -11211 + 14?
-11142
In base 3, what is 2 + 11021222?
11022001
In base 4, what is 1 - -10313?
10320
In base 8, what is -3 - 251?
-254
In base 11, what is -217 + -36?
-252
In base 12, what is -15 + aa?
95
In base 2, what is -101011001 + 110110?
-100100011
In base 2, what is 1001 - -1000101?
1001110
In base 11, what is 3 - 355?
-352
In base 14, what is 2 - 1138?
-1136
In base 4, what is -301 + 3?
-232
In base 6, what is -3 + 130?
123
In base 13, what is 1a - 4?
16
In base 8, what is -44 + -321?
-365
In base 12, what is -3b8 + 4?
-3b4
In base 3, what is -10 + 110?
100
In base 7, what is -10414 + -1?
-10415
In base 14, what is 56 + -2?
54
In base 9, what is -3 - -35?
32
In base 11, what is -a + -48?
-57
In base 10, what is 85 - -1?
86
In base 5, what is 20134 - 0?
20134
In base 10, what is 13964 - -4?
13968
In base 11, what is -797 - -17?
-780
In base 9, what is 2 + -102?
-100
In base 8, what is -2231 + 2?
-2227
In base 6, what is -414 - -2?
-412
In base 16, what is -8 - b?
-13
In base 12, what is 4579 + 1?
457a
In base 16, what is -1 - 1970?
-1971
In base 14, what is -16 + 82?
6a
In base 4, what is -1002 - -20?
-322
In base 16, what is -3 + 113d?
113a
In base 7, what is 630 - 52?
545
In base 9, what is 2 + -206?
-204
In base 4, what is 112 + 121?
233
In base 15, what is -28e + 2?
-28c
In base 6, what is -2 - -245?
243
In base 3, what is -202021 + -11?
-202102
In base 14, what is -bc6 + 1?
-bc5
In base 11, what is -165 - 2?
-167
In base 10, what is -34 - 3?
-37
In base 5, what is 0 + -432?
-432
In base 14, what is -9 + -c1?
-ca
In base 14, what is -1 + -28?
-29
In base 12, what is -54 + 1?
-53
In base 6, what is -33 + 114?
41
In base 5, what is -23404 - 3?
-23412
In base 11, what is 0 - -3679?
3679
In base 4, what is -1203222 - 10?
-1203232
In base 3, what is 1020012 - -11?
1020100
In base 14, what is 0 + -36?
-36
In base 13, what is 2c - -12b?
15a
In base 13, what is -1 - 2997?
-2998
In base 5, what is 1423 + -222?
1201
In base 16, what is 605 - -5?
60a
In base 8, what is -67 + -3?
-72
In base 14, what is 8 - -31?
39
In base 8, what is 14 - -65?
101
In base 2, what is 1010011 - -11100?
1101111
In base 15, what is -20 - -184?
164
In base 8, what is 6 + 34?
42
In base 13, what is 110 + 0?
110
In base 2, what is 0 + -110001?
-110001
In base 4, what is 1123 - -121?
1310
In base 3, what is -22220111 + -2?
-22220120
In base 4, what is -1333 + 10?
-1323
In base 10, what is -880 - 1?
-881
In base 14, what is -8 - -90b?
903
In base 5, what is -21 - 1242?
-1313
In base 2, what is 111 + -10101101?
-10100110
In base 13, what is -5 + 0?
-5
In base 12, what is 6 - -154?
15a
In base 6, what is -4 - -3505?
3501
In base 15, what is -4 + -194?
-198
In base 6, what is 120 - 1?
115
In base 9,